).
-43
Let r(p) = -p**3 - 14*p**2 - 18*p - 74. Calculate r(-13).
-9
Let a(u) = -2*u**2 + 90*u - 589. Calculate a(8).
3
Let r(j) = -344*j + 5833. Determine r(17).
-15
Let m(u) = 2*u**3 - 84*u**2 - 83*u - 281. Give m(43).
-152
Let t(q) = 29*q - 726. Calculate t(25).
-1
Let x(o) = 4*o**2 - 171*o + 268. Calculate x(40).
-172
Let g(q) = -q**2 - 19*q + 106. Determine g(6).
-44
Let t(s) = 5*s**3 - 10*s**2 + 10*s + 1. Determine t(3).
76
Let w(o) = -o**2 + 367*o + 7743. Determine w(-20).
3
Let j(s) = 64*s + 122. Give j(-2).
-6
Let h(p) = -p**3 + 39*p**2 + 4*p + 81. Give h(39).
237
Let c(b) = 102*b**2 - 2122*b - 432. Determine c(21).
-12
Let a(s) = 3*s**3 - 139*s**2 + 36*s + 436. Give a(46).
-24
Let g(n) = 96*n - 5. Calculate g(-2).
-197
Let w(a) = 135*a - 650. Give w(5).
25
Let f(h) = 10852*h + 141082. Calculate f(-13).
6
Let l(b) = 11*b**2 - 38*b - 82. What is l(-2)?
38
Let y(b) = -b**2 + 44*b - 407. Calculate y(19).
68
Let g(n) = -3*n**2 - 117*n - 320. Determine g(-36).
4
Let g(f) = f**3 - 17*f**2 + 20*f + 178. Give g(15).
28
Let a(w) = -75*w + 942. Calculate a(14).
-108
Let u(g) = -g**2 - 185*g - 8043. Determine u(-69).
-39
Let y(o) = 143*o - 18237. Give y(127).
-76
Let f(i) = 6*i**2 - 130*i + 291. What is f(19)?
-13
Let o(w) = -13*w**2 - 20*w + 24. Give o(-3).
-33
Let b(r) = -12*r**3 + 21*r**2 + 60*r - 112. Give b(2).
-4
Let y(l) = 13*l**3 + 1360*l**2 - 514*l + 1149. Calculate y(-105).
-6
Let g(w) = 11*w**2 - 22*w + 86. Calculate g(4).
174
Let c(n) = 8*n - 171. Determine c(19).
-19
Let m(v) = -22*v**2 - 63*v + 14. Calculate m(-3).
5
Let a(q) = -q**3 - 31*q**2 + 97*q - 3. Determine a(3).
-18
Let a(y) = -y**2 - 41*y - 182. Give a(-36).
-2
Let c(d) = d**3 - 8*d**2 + 7*d - 253. Determine c(10).
17
Let k(n) = 2*n**2 - 7*n - 44. Calculate k(6).
-14
Let c(s) = -61*s**2 - 858*s - 53. Give c(-14).
3
Let f(b) = 2*b**2 - 40*b + 191. Give f(14).
23
Let v(t) = 13*t - 175. Determine v(0).
-175
Let v(f) = 4*f**3 - 4*f**2 + 4*f - 11. Give v(2).
13
Let z(q) = -141*q + 782. Give z(6).
-64
Let z(h) = h**3 + 37*h**2 - 311*h - 124. Determine z(-44).
8
Let i(j) = -10*j**3 - 91*j**2 - 25*j - 146. Calculate i(-9).
-2
Let j(o) = -389*o - 5. Calculate j(1).
-394
Let n(g) = 20*g - 792. What is n(40)?
8
Let u(y) = -y**3 - 12*y**2 + 18820*y + 188403. Give u(-10).
3
Let w(y) = 30*y**2 - 50*y - 30. Determine w(2).
-10
Let c(a) = -2*a**3 - 43*a**2 + 19*a - 67. Calculate c(-22).
-1
Let p(u) = 387*u**3 + u**2 - 2*u - 3. What is p(-1)?
-387
Let f(v) = v**3 - 12*v**2 - 4*v - 1. Determine f(4).
-145
Let q(g) = 2862*g + 2748. Calculate q(-1).
-114
Let t(c) = -c**3 + 2*c**2 + 916*c - 3637. Give t(4).
-5
Let t(s) = 14*s - 46. What is t(10)?
94
Let k(b) = -b**3 + 29*b**2 + 654*b + 60. Determine k(44).
-204
Let o(j) = -208*j + 1070. What is o(5)?
30
Let k(o) = 2*o**2 + 44*o - 152. Determine k(3).
-2
Let u(h) = -119*h - 6703. Calculate u(-57).
80
Let l(z) = z**3 - 45*z**2 - 92*z + 2. Give l(-2).
-2
Let v(y) = -22*y - 61. Determine v(-1).
-39
Let v(p) = -138*p - 413. What is v(-3)?
1
Let i(l) = 1190*l - 4768. Calculate i(4).
-8
Let y(o) = -38*o + 108. Calculate y(13).
-386
Let z(p) = -6*p**2 + 12*p - 6. Give z(3).
-24
Let t(a) = -a**3 + a - 21. Give t(-3).
3
Let h(r) = 3194*r + 41500. Give h(-13).
-22
Let p(d) = 11*d**2 - 14*d + 30. Determine p(6).
342
Let i(m) = -31*m**3 + 114*m**2 - 6*m + 22. Give i(3).
193
Let k(m) = 2*m**2 + 33*m + 52. Determine k(-11).
-69
Let g(x) = 18*x + 476. What is g(-28)?
-28
Let m(v) = -v**3 - 5*v**2 + 5*v + 45. Calculate m(-5).
20
Let b(j) = 31*j - 1136. Calculate b(36).
-20
Let w(n) = -n**2 + 5. Give w(0).
5
Let o(a) = -8*a**2 + 91*a - 46. Calculate o(11).
-13
Let v(h) = -6*h**3 + 8*h**2 - 10*h - 111. Determine v(6).
-1179
Let l(u) = 22*u**2 - 2131*u - 270. Give l(97).
21
Let m(v) = 11*v**2 + 649*v + 576. Calculate m(-58).
-62
Let d(k) = -3*k**2 - 93*k + 16. Give d(-24).
520
Let y(v) = -8*v**2 - 66*v + 62. What is y(-9)?
8
Let a(u) = u**3 + 60*u**2 - 62*u - 109. Calculate a(-61).
-48
Let c(a) = a**3 - 27*a**2 + 97. What is c(27)?
97
Let r(m) = m**2 - 28*m + 112. What is r(13)?
-83
Let y(a) = -a**3 - 19*a**2 - 108*a - 104. Calculate y(-6).
76
Let l(b) = 111*b - 546. Determine l(5).
9
Let l(j) = -j**3 - 17*j**2 + 15*j - 69. Determine l(-18).
-15
Let s(t) = -28*t - 226. Determine s(-16).
222
Let z(u) = -6*u**2 + 41*u - 1. Give z(2).
57
Let q(i) = 4*i**3 - 18*i**2 - 39*i + 15. Determine q(6).
-3
Let l(f) = -32*f**2 - 356*f - 30. What is l(-11)?
14
Let b(h) = 3*h**3 + 28*h**2 - 24*h - 30. Determine b(-10).
10
Let z(j) = -1425*j - 9962. Calculate z(-7).
13
Let x(t) = -171*t - 342. Give x(-2).
0
Let r(q) = -4*q**2 + 5*q - 18. Determine r(2).
-24
Let w(f) = -f**3 + 7*f**2 - 15*f - 6. Determine w(7).
-111
Let a(s) = 277*s + 313. What is a(-1)?
36
Let d(j) = -j**3 + 13*j**2 - 48*j + 10. Determine d(7).
-32
Let z(f) = 175*f - 2442. Determine z(14).
8
Let a(k) = -k**3 + k**2 + k - 41. Calculate a(4).
-85
Let s(v) = -v**3 + 12*v**2 - v - 41. Calculate s(0).
-41
Let z(q) = -2*q**3 - 17*q + 38. Give z(3).
-67
Let v(a) = 21*a**2 + 918*a - 234. Give v(-44).
30
Let v(b) = 43*b + 146. Determine v(-4).
-26
Let a(j) = 4*j**2 + 177*j - 323. What is a(-46)?
-1
Let z(y) = -6*y**2 + 11*y + 113. Give z(7).
-104
Let w(v) = -v**3 - 15*v**2 + 21*v + 301. Give w(-15).
-14
Let p(f) = 302*f - 614. Calculate p(2).
-10
Let j(b) = 5*b**2 + 32*b + 11. Give j(-8).
75
Let h(x) = 37*x + 1833. Calculate h(-50).
-17
Let f(x) = 47*x - 1570. Give f(34).
28
Let h(o) = o**3 - 10*o**2 + 140*o - 1694. Give h(11).
-33
Let o(t) = 142*t + 2370. What is o(-17)?
-44
Let y(q) = -17*q + 469. Give y(27).
10
Let g(u) = -4*u**3 + 68*u + 271. Calculate g(-4).
255
Let o(x) = 7*x**2 + 36*x + 19. What is o(-4)?
-13
Let z(b) = -b**3 + 55*b**2 + 1687*b + 526. Give z(77).
-13
Let h(c) = 8*c - 80. Determine h(24).
112
Let v(c) = 17*c**2 + 18*c - 14. Determine v(-4).
186
Let d(l) = 3*l**2 - 5*l - 4. Determine d(-6).
134
Let m(k) = k**3 - 36*k**2 + 52*k - 824. What is m(36)?
1048
Let u(d) = -71*d + 691. Determine u(4).
407
Let b(n) = -4*n**2 + 9*n - 7. Calculate b(6).
-97
Let h(x) = x**3 + 34*x**2 - 51*x - 727. Give h(-35).
-167
Let m(t) = t**3 - 23*t**2 + 42*t + 72. Determine m(21).
72
Let j(b) = 95*b - 1607. What is j(17)?
8
Let d(i) = -i**2 - 23*i - 24. What is d(-22)?
-2
Let r(l) = -3*l**3 + 3*l**2 + 7*l - 13. Give r(3).
-46
Let r(k) = -3*k**2 - 8*k - 66. Give r(-6).
-126
Let o(g) = -3*g**2 + 26*g - 13. Calculate o(8).
3
Let g(j) = -j**2 + 32*j - 638. What is g(20)?
-398
Let s(y) = -2*y**3 + 7*y**2 + 133*y - 858. Calculate s(7).
-270
Let f(z) = -6826*z - 6821. Give f(-1).
5
Let f(w) = -w**3 + 5*w**2 - 28*w + 267. Give f(7).
-27
Let d(v) = -v**3 - 56*v**2 - 68*v - 724. Calculate d(-55).
-9
Let d(p) = p**2 - 26*p - 980. Calculate d(47).
7
Let w(p) = p**2 - 50*p + 234. What is w(5)?
9
Let x(n) = 274*n - 6792. Determine x(25).
58
Let w(i) = -342*i - 2059. Determine w(-6).
-7
Let a(u) = -3*u**2 - 79*u - 208. What is a(-23)?
22
Let j(k) = -k**2 + 312*k + 31837. Give j(-81).
4
Let d(g) = g**2 + 29*g + 85. What is d(-26)?
7
Let r(c) = 96*c + 23. Calculate r(-3).
-265
Let s(g) = 1432*g - 83052. Calculate s(58).
4
Let l(i) = i**2 + 4*i - 1239. Give l(-37).
-18
Let m(s) = s**3 - s**2 - 24*s - 37. What is m(6)?
-1
Let c(a) = 2*a**3 + 38*a**2 - 32*a - 61. Determine c(-20).
-221
Let j(b) = -2*b**2 - 131*b + 2419. Determine j(15).
4
Let v(a) = -6*a**2 - 201*a + 79. Give v(-34).
-23
Let k(x) = -91*x + 7552. What is k(84)?
-92
Let l(r) = -r**2 + 1628*r + 26275. Calculate l(-16).
-29
Let o(y) = 5908*y + 112260. Give o(-19).
8
Let f(n) = -18*n**2 + 15*n + 51. Determine f(-4).
-297
Let i(y) = 31*y - 1159. Calculate i(37).
-12
Let y(p) = -80*p**3 + 7*p**2 + 10*p + 4. Give y(-1).
81
Let c(y) = 78*y - 1021. What is c(10)?
-241
Let j(x) = -x**3 - 91*x**2 + 4579*x + 884. Give j(-127).
-5
Let r(i) = -186*i + 250. Calculate r(6).
-866
Let u(z) = 26948*z - 161687. Calculate u(6).
1
Let b(m) = 1285*m + 1111. Determine b(-1).
-174
Let i(q) = 7*q**2 + 64*q + 76. Give i(-8).
12
Let d(n) = -52*n - 583. Give d(-11).
-11
Let h(m) = -39*m**2 - 963*m + 302. Determine h(-25).
2
Let i(c) = 18434*c + 55307. Calculate i(-3).
5
Let q(s) = -44*s - 4. What is q(-1)?
40
Let b(l) = l**3 - 7*l**2 - 7*l + 2. Give b(6).
-76
Let c(g) = -g**2 - 52*g + 15457. What is c